rmine v(t).
-7
Let g(w) be the second derivative of -w**4/12 + 5*w**3/6 - 5*w**2/2 + 13*w. Calculate g(5).
-5
Let m = -6 + 10. Suppose -4*a - 6 - 8 = -2*w, -4*a + m*w - 20 = 0. Let x(q) = -2*q**2 + 2. Give x(a).
-6
Let i(z) be the first derivative of -z**2/2 - 4*z - 4. What is i(-3)?
-1
Let t(z) = -4*z + 2. Let b = 30 + -32. What is t(b)?
10
Let j(o) = 4*o - 1. Let y = -8 - -7. Determine j(y).
-5
Let o(g) = -6*g - 1. Let s = -8 + 10. Let m be (-7 - -8)*(s - 1). Give o(m).
-7
Let v(g) = 2*g**2 + 6*g. Let r = 40 - 44. Give v(r).
8
Suppose l + 25 = 4*b, b + 4*b - l = 30. Let m(h) be the first derivative of 3 + 2*h**3 - 1/4*h**4 + 2*h - 2*h**2. Calculate m(b).
7
Let u(g) = 2*g**2 + 7*g - 1. Let d(m) = 4*m**2 - 2*m + 10. Let h(j) = -3*j**2 + j - 7. Let f(n) = 5*d(n) + 7*h(n). Let q(k) = -13*f(k) - 6*u(k). What is q(5)?
3
Let d(x) = 6*x - 7 - x + x**2 + 0*x**2. Suppose 36 = -3*o - 3*o. Calculate d(o).
-1
Let l be 1 - (-1 + -4 - 2). Let n = 17 - 9. Let z(x) = -l + x + n. Determine z(5).
5
Let s(q) = -2*q - 4. Let j = 13 - 7. Let z = j - 9. Give s(z).
2
Let f(m) = 3*m + 14. Suppose v = 5*v - 44. Let y(h) = -h - 5. Let u(g) = v*y(g) + 4*f(g). What is u(-2)?
-1
Let m be 8 + -2 + -4 + 3. Suppose -8*c + m*c - 9 = 0. Let o(t) = t + 1. Determine o(c).
-2
Let i be (-24)/18*(-9)/(-6). Let j(s) = s**2 + s. Calculate j(i).
2
Let q(o) be the third derivative of -o**4/8 + o**3/2 + 2*o**2. Let m be 0 + 3 - (-3 + 3). Suppose 20 = 4*y + 4*z, m*y + 2*y - z = 13. Determine q(y).
-6
Let k(d) = d**3 + 5*d**2 - 2. Let f be k(-5). Let b(t) = 4*t**2 + 3*t. Give b(f).
10
Let k(g) = g**2 + 11*g - 3. Let j(q) = -q. Let n(v) = 6*j(v) + k(v). What is n(-5)?
-3
Let u(m) = m**3 + m**2 - 3*m - 3. Let l(q) = -3*q**3 + q**2. Let r be l(1). Give u(r).
-1
Let n = 7 - 5. Let g(q) = -3 - n*q - 2 + 3*q. Calculate g(0).
-5
Let m be ((-2)/(-3))/(4/18). Let h(p) = -1 - 5*p**2 - p + 6*p**2 + 4*p**3 + 5*p**m. Suppose 0 = -5*x - 4 - 1. Calculate h(x).
-8
Let q = 8 - 5. Let s(i) = -q + 1 - i - 2. Give s(3).
-7
Let j(f) = f + 16. Let s(d) = 2*d + 10. Let p be s(-5). Give j(p).
16
Let y(j) = -j**2 + 1. Let d(w) = w + 7. Let r be d(-3). Suppose 0 = -3*z - z - r. Determine y(z).
0
Let z(s) = -s - 9. Let b be z(-11). Let u(c) = 4*c**2 - b*c**2 - c**2 - 4*c - 21 + 18. What is u(6)?
9
Let w(t) = -t**3 + t + 2. Let x(q) = q**3 + 2*q**2 - q + 4. Let n be 0 + (-1 - (-1 - 2)). Suppose g + r = 6*r + n, 0 = -g + 3*r. Let o be x(g). Determine w(o).
8
Let v(r) = 2*r + 0*r - 6 - 2*r**2 + 5*r. Give v(4).
-10
Let f(t) = -t**3 - 2*t + 1. Let j = 17 + -5. Let u be -2*(-87)/j*2. Suppose 5*x = 2*o - u, -4 = -2*x - 14. What is f(o)?
-11
Let s(t) = 3*t**2 - t - 1. Suppose 2*i + 11 + 5 = 0. Let x = 10 + i. Give s(x).
9
Let f(v) = 5*v**2 - 2. Let w be f(2). Let z = 1 - -17. Let r(b) = -z + w - b**3. What is r(1)?
-1
Let t(z) be the second derivative of z**4/6 - z**3/2 - z**2/2 + 4*z. Let g(u) = -3*u**3 + u**2 - 1. Let x be g(-1). Determine t(x).
8
Let h(d) = -d + 11. Suppose 2*n + 5*u = -15, -u - 3 = -0*u. Determine h(n).
11
Suppose 0 = -2*g - 3 - 1, 0 = -4*i - 4*g - 4. Let d(m) = -7*m. Determine d(i).
-7
Let j(s) = -s**3 + 8*s**2 - 7*s - 4. Let d(a) = -8*a - 9. Let m be d(-2). Calculate j(m).
-4
Let h(q) be the second derivative of -q**3/6 - 3*q**2/2 - 16*q. Determine h(0).
-3
Let f(m) = m**2 - 2*m - 6. Let k(w) be the third derivative of w**5/30 - 5*w**4/24 - 11*w**3/6 - 6*w**2. Let y(a) = -5*f(a) + 3*k(a). Calculate y(5).
-3
Suppose -2*o - 5*w = -25, 5*o - w - w + 10 = 0. Let r(t) = t**3 - 2*t**2 + 1. Let l be r(1). Let a(b) = l*b + 4 + o*b - b. Calculate a(2).
2
Let p(x) = x - 3. Let j = 21 + -11. Let h = -6 + j. Give p(h).
1
Let l be -2 - (-4)/6*3. Let c(k) = 0 + 1 + l + 3*k. Let x be (1 - 7)/2 - -6. Give c(x).
10
Let u(c) = c + 16. Let x be u(-9). Let l(v) = v**2 - 8*v - 4. What is l(x)?
-11
Suppose 19*g - 29*g = 60. Let w(j) = j**3 + 5*j**2 - 6*j - 7. What is w(g)?
-7
Let o(q) = 4 + 5*q + 0 - 4 - 1. Give o(-1).
-6
Let z(o) = -2*o**2 + 4*o - 3. Let m(a) = a**3 - a**2 + 1. Let r(u) = -m(u) - z(u). Suppose -y - 8 = -5*y. Suppose 2*w + 2 = w, 4*g + 3*w = y. Give r(g).
-2
Let r(t) be the second derivative of -t**4/12 + t**3/2 + 3*t**2 - 4*t + 5. Calculate r(6).
-12
Let h(y) be the third derivative of -1/6*y**3 - y**2 + 0 + 0*y + 1/8*y**4. Determine h(-2).
-7
Let u(b) = -b**2 + 6*b - 2. Let a(v) = 2*v - v - 2 + 5*v - v**2. Let m(j) = -3*a(j) + 2*u(j). Determine m(6).
2
Suppose -3 = 2*l + 5*a + 8, -3*l + 3*a + 15 = 0. Let h(r) = 2*r**l + 6*r - 4 - 6*r + 3. Give h(-1).
1
Suppose -19 + 7 = 2*v. Let g(a) = a**2 + 2*a - 6. Determine g(v).
18
Let v(b) be the third derivative of b**6/120 + b**5/30 + b**4/24 - 14*b**2. Let y = -4 + 1. Give v(y).
-12
Suppose 3*h = -5*w - 0*w - 10, -h - 4 = w. Let r = h - -2. Let p(m) = -2*m - 4. Let x be p(r). Let j(v) = v**3 - 2*v**2 + v - 2. Determine j(x).
0
Let x(u) be the first derivative of u**4/4 + 2*u**3/3 + 2*u - 1. What is x(-2)?
2
Let m(u) = u**3 + 4*u**2 - 4*u - 3. Let v = 9 - 7. Suppose -2 = -a + 2*r, 2*a - v - 2 = r. Suppose -a = c, 2*c - c = -j - 7. What is m(j)?
-8
Let a = -1 + -1. Let h(l) be the third derivative of -l**6/180 - l**5/30 - l**4/12 + l**3/2 + 3*l**2. Let k(u) be the first derivative of h(u). Calculate k(a).
-2
Let f(g) = g + 3. Let x = 6 + 0. Suppose -x*y = -y - 40. Let d(h) = -h + 8. Let i be d(y). Give f(i).
3
Let p(o) = o - 7. Let k be p(7). Let r be -2 - k - (1 - -3). Let h(i) be the first derivative of i**2/2 + 5*i + 4. What is h(r)?
-1
Let o(w) be the second derivative of -3*w**5/20 - w**4/12 + w. Suppose 2*p - 5*p + 6 = 0. Let f be (4*(-3)/6)/p. What is o(f)?
2
Let c(s) = s**3 + 4*s**2 - 2*s - 6. Let z be c(-4). Let u(i) = -2*i**2 - 3*i + z*i**2 - i**2. What is u(-5)?
-10
Let o(q) = q**2. Let s(d) = -3*d**2 - 9*d + 10. Let i(h) = -4*o(h) - s(h). What is i(8)?
-2
Let c(l) = l**3 - 74 + 4*l**2 + 72 - 2*l + 2*l. What is c(-3)?
7
Let q(n) = -n + 1. Let r be q(-3). Suppose -r*x - 15 = 5*f + 18, f - x = -3. Let y(z) = z - 2. Give y(f).
-7
Let x(f) = f**2 + 5*f - 1. Suppose -26 = -3*n + 5*w, 0 = -4*n - 3*w - 2*w - 12. Suppose k - n = -7. Determine x(k).
-1
Let g(c) = 2*c**2 - c + c + 3*c - c**3 - 2 - 4*c. Let l(p) = p. Let f(d) = d**3 + 3*d**2 + 2*d - 2. Let b(n) = -f(n) + 6*l(n). Let u be b(-4). Determine g(u).
-4
Let u(w) = w**3 + w**2 - 6. Let i(m) = -m**2 + 11*m - 10. Let o be i(10). Give u(o).
-6
Let b(p) = p**3 - 6*p**2 + 6*p + 1. Let l be 3/(-8 - 1)*0. Suppose -v = -l - 3. Suppose h = -c - 0*c + 5, 3*h - v*c - 15 = 0. What is b(h)?
6
Let d = -5 - 3. Let m = 11 + d. Let f(k) = -k - 1. Calculate f(m).
-4
Let g(f) = -2*f**2 + 2*f - 2*f**3 + 0*f + 2*f + 7 - f**2. Let o(t) = t**3 + 2*t**2 - 3*t - 6. Let b(x) = 2*g(x) + 3*o(x). Give b(0).
-4
Let n(g) = -5*g + 0*g + 2*g. Suppose -3*b = -h - 3, 0 = -5*b - 2*h + 2 + 14. What is n(b)?
-6
Let u(h) = -h**2 + 2*h + 7. Suppose 4*k + k - 200 = 0. Suppose -3*d + k = 16. Let j be -2*2*(-10)/d. Determine u(j).
-8
Let w = -120 - -114. Let x(k) = 3*k**2 + 2*k**2 - 2 - 4 + k**3 - 5*k. Calculate x(w).
-12
Let q(r) = r**3 + r**2 + 6. Let a be q(0). Let u(v) = v**3 - 7*v**2 + 7*v - 7. What is u(a)?
-1
Suppose 0*t + 2*t - 10 = -4*j, 3*j - 8 = -2*t. Suppose -j*g + 9 = -1. Let v(z) = -1 - 1 + 3 - z**2 + 4*z. Determine v(g).
-4
Let g(q) = -5*q**2 + q + 2. Suppose -12 = -z - 14. What is g(z)?
-20
Let j(x) = -x**2 + x - 7. Let v(c) = c**2 + 7. Let r(u) = -5*j(u) - 4*v(u). Suppose 0 = f - 5*m + 10, -3*f + 0*m + 12 = -m. Determine r(f).
7
Suppose l + 4 = 3. Let h(y) = -4 + 8*y**2 + 2*y + 5 + 0*y. Calculate h(l).
7
Let x(h) be the second derivative of -h**5/20 - h**4/6 + h**3/3 - 2*h**2 - 3*h. Let i be x(-3). Let d = i + 0. Let m(y) = 6*y**3 - 1. Calculate m(d).
-7
Let o(t) = -14*t - 2. Let s(l) = -5*l - 1. Let u(r) = 4*o(r) - 11*s(r). What is u(5)?
-2
Let r(l) = -2*l - 4. Let j be (2/(-4))/(2/(-40)). Suppose j = 3*y - 8. Suppose -g - g = y. What is r(g)?
2
Suppose 2*x + 5 = 13. Suppose 1 = x*z - 7. Let q(f) = -f**2 + f + 1. Give q(z).
-1
Let w = -13 + 9. Let u(i) be the first derivative of -i**4/4 - 5*i**3/3 - 5*i**2/2 - 3*i + 2. Give u(w).
1
Suppose 0 = -5*j + j. Let p be (4/2)/4*j. Let d(x) = -3 + 3*x - 5*x**2 + p*x**3 + x**2 + x**3. Determine d(4).
9
Let n(v) = -v + 1. Let i(t) = -t + 1. Let h(l) = -l + 9. Let r be h(8). Let w(d) 